{"id":6785,"date":"2019-03-01T16:12:42","date_gmt":"2019-03-01T16:12:42","guid":{"rendered":"https:\/\/2019.vse-conference.eu\/?page_id=6785"},"modified":"2019-03-01T16:12:42","modified_gmt":"2019-03-01T16:12:42","slug":"cgu","status":"publish","type":"page","link":"https:\/\/2019.vse-conference.eu\/fr\/cgu\/","title":{"rendered":"cgu"},"content":{"rendered":"<h3 style=\"margin-bottom: 25px;\">Conditions G\u00e9n\u00e9rales d\u2019Utilisation<\/h3>\n<p style=\"text-align: justify;\">Diff\u00e9rents tarifs sont disponibles concernant les frais d\u2019inscription \u00e0 la Conf\u00e9rence Annuelle VSE de 2019 : <strong>un tarif r\u00e9duit<\/strong> pour les personnes s\u2019inscrivant \u00e0 la conf\u00e9rence jusqu\u2019au 1er avril 2019 et <strong>un tarif normal<\/strong> pour les personnes s\u2019inscrivant jusqu\u2019au 29 mai 2019. Apr\u00e8s cela, les inscriptions seront closes.<br \/>\nIl existe \u00e9galement un tarif sp\u00e9cifique pour les membres de Victim Support Europe et les membres de France Victimes. Cette information sera v\u00e9rifi\u00e9e par les organisateurs. Si vous avez pay\u00e9 le mauvais tarif, les organisateurs se r\u00e9servent le droit de demander le paiement d\u2019un exc\u00e9dent. Si celui-ci n\u2019est pas r\u00e9gl\u00e9, les organisateurs se r\u00e9servent le droit de ne pas accepter la participation \u00e0 la conf\u00e9rence.<\/p>\n<p style=\"text-align: justify;\">Les inscriptions \u00e0 la conf\u00e9rence seront confirm\u00e9es une fois les inscriptions compl\u00e9t\u00e9es et les paiements trait\u00e9s. Les participants recevront une confirmation de leur inscription par email. Veuillez v\u00e9rifier attentivement vos emails et nous notifier la moindre erreur.<\/p>\n<p style=\"text-align: justify;\"><strong>Politique d\u2019annulation et clauses de non-responsabilit\u00e9 pour la Conf\u00e9rence Annuelle VSE 2019<\/strong><br \/>\nEn cas d\u2019annulation, les frais suivants seront retenus :<br \/>\nAvant le 1<sup>er<\/sup> mai 2019 : aucun frais<br \/>\nDu 2 avril au 23 mai 2019 : 50 % du montant total des frais d\u2019inscription<br \/>\nA partir du 24 mai 2019 : 100 % du montant total des frais d\u2019inscription<\/p>\n<p style=\"text-align: justify;\">Vous pouvez d\u00e9signer une personne qui assistera \u00e0 la conf\u00e9rence \u00e0 votre place afin d\u2019\u00e9viter ces frais seulement si vous nous le faites savoir express\u00e9ment par \u00e9crit \u00e0 <strong><a href=\"mailto:vse2019@france-victimes.fr\">vse2019@france-victimes.fr<\/a><\/strong>. L\u2019applicabilit\u00e9 de frais d\u2019annulation est \u00e0 la seule discr\u00e9tion des organisateurs de la conf\u00e9rence et ne peut \u00eatre contest\u00e9e.<\/p>\n<p style=\"text-align: justify;\">Toute annulation et tout changement ne seront valides que si formul\u00e9s par \u00e9crit et confirm\u00e9s par les deux parties. Tout remboursement sera effectu\u00e9 apr\u00e8s l\u2019\u00e9v\u00e9nement.<\/p>\n","protected":false},"excerpt":{"rendered":"<p>Conditions G\u00e9n\u00e9rales d\u2019Utilisation Diff\u00e9rents tarifs sont disponibles concernant les frais d\u2019inscription \u00e0 la Conf\u00e9rence Annuelle&#8230;<\/p>\n","protected":false},"author":1,"featured_media":0,"parent":0,"menu_order":15,"comment_status":"closed","ping_status":"closed","template":"","meta":{"_mi_skip_tracking":false,"_exactmetrics_sitenote_active":false,"_exactmetrics_sitenote_note":"","_exactmetrics_sitenote_category":0},"_links":{"self":[{"href":"https:\/\/2019.vse-conference.eu\/fr\/wp-json\/wp\/v2\/pages\/6785"}],"collection":[{"href":"https:\/\/2019.vse-conference.eu\/fr\/wp-json\/wp\/v2\/pages"}],"about":[{"href":"https:\/\/2019.vse-conference.eu\/fr\/wp-json\/wp\/v2\/types\/page"}],"author":[{"embeddable":true,"href":"https:\/\/2019.vse-conference.eu\/fr\/wp-json\/wp\/v2\/users\/1"}],"replies":[{"embeddable":true,"href":"https:\/\/2019.vse-conference.eu\/fr\/wp-json\/wp\/v2\/comments?post=6785"}],"version-history":[{"count":3,"href":"https:\/\/2019.vse-conference.eu\/fr\/wp-json\/wp\/v2\/pages\/6785\/revisions"}],"predecessor-version":[{"id":6788,"href":"https:\/\/2019.vse-conference.eu\/fr\/wp-json\/wp\/v2\/pages\/6785\/revisions\/6788"}],"wp:attachment":[{"href":"https:\/\/2019.vse-conference.eu\/fr\/wp-json\/wp\/v2\/media?parent=6785"}],"curies":[{"name":"wp","href":"https:\/\/api.w.org\/{rel}","templated":true}]}}

<h3 style="margin-bottom: 25px;">Conditions Générales d’Utilisation</h3>
<p style="text-align: justify;">Différents tarifs sont disponibles concernant les frais d’inscription à la Conférence Annuelle VSE de 2019 : <strong>un tarif réduit</strong> pour les personnes s’inscrivant à la conférence jusqu’au 1er avril 2019 et <strong>un tarif normal</strong> pour les personnes s’inscrivant jusqu’au 29 mai 2019. Après cela, les inscriptions seront closes.<br />
Il existe également un tarif spécifique pour les membres de Victim Support Europe et les membres de France Victimes. Cette information sera vérifiée par les organisateurs. Si vous avez payé le mauvais tarif, les organisateurs se réservent le droit de demander le paiement d’un excédent. Si celui-ci n’est pas réglé, les organisateurs se réservent le droit de ne pas accepter la participation à la conférence.</p>
<p style="text-align: justify;">Les inscriptions à la conférence seront confirmées une fois les inscriptions complétées et les paiements traités. Les participants recevront une confirmation de leur inscription par email. Veuillez vérifier attentivement vos emails et nous notifier la moindre erreur.</p>
<p style="text-align: justify;"><strong>Politique d’annulation et clauses de non-responsabilité pour la Conférence Annuelle VSE 2019</strong><br />
En cas d’annulation, les frais suivants seront retenus :<br />
Avant le 1<sup>er</sup> mai 2019 : aucun frais<br />
Du 2 avril au 23 mai 2019 : 50 % du montant total des frais d’inscription<br />
A partir du 24 mai 2019 : 100 % du montant total des frais d’inscription</p>
<p style="text-align: justify;">Vous pouvez désigner une personne qui assistera à la conférence à votre place afin d’éviter ces frais seulement si vous nous le faites savoir expressément par écrit à <strong><a href="mailto:vse2019@france-victimes.fr">vse2019@france-victimes.fr</a></strong>. L’applicabilité de frais d’annulation est à la seule discrétion des organisateurs de la conférence et ne peut être contestée.</p>
<p style="text-align: justify;">Toute annulation et tout changement ne seront valides que si formulés par écrit et confirmés par les deux parties. Tout remboursement sera effectué après l’événement.</p>

<p>Conditions Générales d’Utilisation Différents tarifs sont disponibles concernant les frais d’inscription à la Conférence Annuelle&#8230;</p>
